{"id":54,"date":"2025-09-18T13:52:56","date_gmt":"2025-09-18T19:52:56","guid":{"rendered":"https:\/\/les.fa.unam.mx\/?page_id=54"},"modified":"2025-10-01T10:56:41","modified_gmt":"2025-10-01T16:56:41","slug":"investigacion","status":"publish","type":"page","link":"https:\/\/les.fa.unam.mx\/index.php\/investigacion\/","title":{"rendered":"Investigaci\u00f3n"},"content":{"rendered":"\n<p>Las l\u00edneas de investigaci\u00f3n en el LES se relacionan con los procesos de interacci\u00f3n materia-energ\u00eda dentro de lo que es luz, calor, energ\u00edas renovables y limpias.<\/p>\n\n\n\n<div class=\"wp-block-columns is-layout-flex wp-container-core-columns-is-layout-9d6595d7 wp-block-columns-is-layout-flex\">\n<div class=\"wp-block-column has-theme-palette-9-color has-text-color has-background has-link-color has-medium-font-size wp-elements-6af0f53dde3c5588ea2c7fee87bc1a96 is-layout-flow wp-block-column-is-layout-flow\" style=\"background-color:#ff4900\">\n<figure class=\"wp-block-image size-full\"><img decoding=\"async\" width=\"218\" height=\"146\" src=\"https:\/\/les.fa.unam.mx\/wp-content\/uploads\/2025\/09\/Energia-1.png\" alt=\"\" class=\"wp-image-60\"\/><figcaption class=\"wp-element-caption\"><strong>Energ\u00eda<\/strong><\/figcaption><\/figure>\n<\/div>\n\n\n\n<div class=\"wp-block-column has-background has-medium-font-size is-layout-flow wp-block-column-is-layout-flow\" style=\"background-color:#ff8500\">\n<figure class=\"wp-block-image size-full\"><img decoding=\"async\" width=\"223\" height=\"149\" src=\"https:\/\/les.fa.unam.mx\/wp-content\/uploads\/2025\/09\/Calor-1.png\" alt=\"\" class=\"wp-image-61\"\/><figcaption class=\"wp-element-caption\"><strong>Calor<\/strong><\/figcaption><\/figure>\n<\/div>\n\n\n\n<div class=\"wp-block-column has-background has-medium-font-size is-layout-flow wp-block-column-is-layout-flow\" style=\"background-color:#f3e800\">\n<figure class=\"wp-block-image size-full\"><img decoding=\"async\" width=\"216\" height=\"144\" src=\"https:\/\/les.fa.unam.mx\/wp-content\/uploads\/2025\/09\/Iluminacion-1.png\" alt=\"\" class=\"wp-image-62\"\/><figcaption class=\"wp-element-caption\"><strong>Iluminaci\u00f3n<\/strong><\/figcaption><\/figure>\n<\/div>\n\n\n\n<div class=\"wp-block-column has-background has-medium-font-size is-layout-flow wp-block-column-is-layout-flow\" style=\"background-color:#00b1c2\">\n<figure class=\"wp-block-image size-full\"><img loading=\"lazy\" decoding=\"async\" width=\"216\" height=\"144\" src=\"https:\/\/les.fa.unam.mx\/wp-content\/uploads\/2025\/09\/Materiales-1.png\" alt=\"\" class=\"wp-image-63\"\/><figcaption class=\"wp-element-caption\"><strong>Materiales<\/strong><\/figcaption><\/figure>\n<\/div>\n\n\n\n<div class=\"wp-block-column has-background has-medium-font-size is-layout-flow wp-block-column-is-layout-flow\" style=\"background-color:#00c279\">\n<figure class=\"wp-block-image size-full\"><img loading=\"lazy\" decoding=\"async\" width=\"216\" height=\"144\" src=\"https:\/\/les.fa.unam.mx\/wp-content\/uploads\/2025\/09\/Ventilacion-1.png\" alt=\"\" class=\"wp-image-64\"\/><figcaption class=\"wp-element-caption\"><strong>Ventilaci\u00f3n<\/strong><\/figcaption><\/figure>\n<\/div>\n<\/div>\n\n\n\n<div class=\"wp-block-buttons is-layout-flex wp-block-buttons-is-layout-flex\">\n<div class=\"wp-block-button\"><a class=\"wp-block-button__link wp-element-button\" href=\"https:\/\/les.fa.unam.mx\">INICIO<\/a><\/div>\n<\/div>\n\n\n\n<p><\/p>\n","protected":false},"excerpt":{"rendered":"<p>Las l\u00edneas de investigaci\u00f3n en el LES se relacionan con los procesos de interacci\u00f3n materia-energ\u00eda dentro de lo que es luz, calor, energ\u00edas renovables y limpias.<\/p>\n","protected":false},"author":1,"featured_media":0,"parent":0,"menu_order":0,"comment_status":"closed","ping_status":"closed","template":"","meta":{"_themeisle_gutenberg_block_has_review":false,"_kad_post_transparent":"","_kad_post_title":"","_kad_post_layout":"","_kad_post_sidebar_id":"","_kad_post_content_style":"","_kad_post_vertical_padding":"","_kad_post_feature":"","_kad_post_feature_position":"","_kad_post_header":false,"_kad_post_footer":false,"footnotes":""},"class_list":["post-54","page","type-page","status-publish","hentry"],"_links":{"self":[{"href":"https:\/\/les.fa.unam.mx\/index.php\/wp-json\/wp\/v2\/pages\/54","targetHints":{"allow":["GET"]}}],"collection":[{"href":"https:\/\/les.fa.unam.mx\/index.php\/wp-json\/wp\/v2\/pages"}],"about":[{"href":"https:\/\/les.fa.unam.mx\/index.php\/wp-json\/wp\/v2\/types\/page"}],"author":[{"embeddable":true,"href":"https:\/\/les.fa.unam.mx\/index.php\/wp-json\/wp\/v2\/users\/1"}],"replies":[{"embeddable":true,"href":"https:\/\/les.fa.unam.mx\/index.php\/wp-json\/wp\/v2\/comments?post=54"}],"version-history":[{"count":3,"href":"https:\/\/les.fa.unam.mx\/index.php\/wp-json\/wp\/v2\/pages\/54\/revisions"}],"predecessor-version":[{"id":180,"href":"https:\/\/les.fa.unam.mx\/index.php\/wp-json\/wp\/v2\/pages\/54\/revisions\/180"}],"wp:attachment":[{"href":"https:\/\/les.fa.unam.mx\/index.php\/wp-json\/wp\/v2\/media?parent=54"}],"curies":[{"name":"wp","href":"https:\/\/api.w.org\/{rel}","templated":true}]}}